prime factors of n(-9).
13
Let d(m) = 519*m**2 - 983*m - 17. What are the prime factors of d(-9)?
7, 13, 43
Let d(o) = 2*o**3 - 39*o**2 - 25*o + 5. Let g be d(22). Suppose 5283 = 8*v + g. What are the prime factors of v?
2, 3, 71
Let f(t) = -27*t**2 - 34*t + 138. Let r(p) = 13*p**2 + 17*p - 69. Let u(d) = 2*f(d) + 5*r(d). What are the prime factors of u(7)?
19, 31
Suppose -8111 = -4*z + 3*w, 0 = -0*w - w - 1. Let o = -1053 + z. List the prime factors of o.
2, 487
Suppose 4*y + 5*v - 28890 = 0, 0 = 40*y - 45*y + 2*v + 36063. List the prime factors of y.
3, 5, 13, 37
Suppose 2*h - 3*h = 7242 - 37447. What are the prime factors of h?
5, 7, 863
Suppose 0*p - 128 = -4*p. Suppose 11*x - 10 = -p. List the prime factors of ((-6)/x + 44)*2.
2, 47
Let y be (1748/115)/(4/(-310)). Let o = -426 - y. What are the prime factors of o?
2, 47
Let l(s) = -3382*s + 764. List the prime factors of l(-10).
2, 3, 11, 131
Suppose 3*y - 16 = 62. Suppose -y - 142 = -a. What are the prime factors of a?
2, 3, 7
Suppose 4*w - 3*u - 150042 = 0, 3*u - 27274 - 10259 = -w. What are the prime factors of w?
3, 5, 41, 61
Let g be -44 + -1*(6 + -4)/2. Let f = g + 221. List the prime factors of f.
2, 11
Let n be 34*(-5)/(-40)*4. Let j = n + -13. What are the prime factors of (j - 18/5)*90?
2, 3
Let b = 397 + -688. Let l = 0 - b. What are the prime factors of l?
3, 97
Suppose 40 = 13*l - 9*l. Suppose l*d = 14*d - 908. Let h = -152 + d. List the prime factors of h.
3, 5
Let n be 2/((-6)/(-3))*0. Let j be 1 - (n + -13 + 1). Suppose -j*a + 8*a + 165 = 0. List the prime factors of a.
3, 11
List the prime factors of ((-40)/50)/((-6)/(-5)) - 19618/(-6).
7, 467
Let h = -455 + 458. Suppose 0 = 10*i - 9*i - h*t - 630, -i = -4*t - 629. List the prime factors of i.
3, 211
Let s(o) = -6*o - 2. Let q be s(-1). Let h(u) = 3*u**2 - 6. Let f be h(q). Suppose -3*v = -0*v - f. List the prime factors of v.
2, 7
Let n be (-2)/(8/298)*-2. Let t be 2852/44 - (40/(-44))/5. Let o = n - t. List the prime factors of o.
2, 3, 7
Let a(m) = -2*m**3 - m**2 + 5*m + 615. Let h(r) = r**2 + 6*r + 5. Let p be h(-5). What are the prime factors of a(p)?
3, 5, 41
Let u(n) = 4*n + 14. Let i be u(-3). List the prime factors of 96/i*(-143)/(-44)*2.
2, 3, 13
Let i(h) = -11*h - 14. Let j(v) = 8*v + 15. Let c be j(3). Suppose 13 = -2*r - 3*o, 5*o + c - 4 = -5*r. What are the prime factors of i(r)?
2, 37
List the prime factors of (14/(-448)*8)/((-3)/14844 + 0).
1237
Suppose 3*l + 756 = -0*l. Let t = -10045 + 10430. Let w = t + l. What are the prime factors of w?
7, 19
Let m(p) = -154*p + 1599. What are the prime factors of m(-50)?
17, 547
Suppose -32*z + 51 = -15*z. Suppose 0 = -4*d + 242 + 238. Suppose d = z*f - 0*f. What are the prime factors of f?
2, 5
Let m(x) = 2*x**2 - 17*x + 157. What are the prime factors of m(43)?
2, 11, 71
Suppose 60 + 147 = -t. Suppose -238 + 1056 = -2*z. Let k = t - z. List the prime factors of k.
2, 101
Let y(f) = 2*f**3 + 15*f**2 - 66*f + 8. List the prime factors of y(13).
6079
Suppose 18*g - 4*g = -72*g + 3672888. What are the prime factors of g?
2, 3, 3559
Let t(p) = p**3 + 20*p**2 + 10*p - 32. Let v be t(-19). Let z = 59 + v. Suppose 0 = c - 67 - z. What are the prime factors of c?
5, 53
Let r(m) be the first derivative of m**4 - 2*m**3 - 6*m**2 - 8*m - 18. List the prime factors of r(6).
2, 71
Let k(v) = 6*v**3 + 16*v**2 - 27*v + 260. What are the prime factors of k(10)?
2, 3, 5, 11, 23
Let c(o) = -67*o - 84. Let d(r) = 17*r + 21. Let x(m) = -2*c(m) - 9*d(m). Let y(f) = -9*f - 10. Let t(k) = -2*x(k) + 5*y(k). List the prime factors of t(-8).
2, 3
Let p be (3 - (1 + -1))/(27/72). Suppose 0 = 6*i - p*i + 64. Let g = 94 - i. List the prime factors of g.
2, 31
Let s(u) = u**3 + 8*u**2 - 5*u - 38. Let r be s(-8). Let f(y) = 98*y**2 + 4*y - 10. List the prime factors of f(r).
2, 3, 5, 13
Suppose 3*p + 4*c - 11 + 2573 = 0, 0 = -3*p + 3*c - 2583. Let y = -407 - p. What are the prime factors of y?
11, 41
Suppose 0 = 5*v - 2*s - 1973, -v + 3*v - 3*s - 798 = 0. Suppose -v - 2586 = -9*r. Let j = -226 + r. List the prime factors of j.
3, 5, 7
Let v(n) = n**2 + 3*n - 11. Let x be v(-6). Suppose x*f = 6*f + 452. List the prime factors of f.
2, 113
What are the prime factors of (-64)/(-48) - ((-468832)/(-6))/(-7)?
2, 2791
Let a be -3 - ((551 - 1) + 2). Let s = a - -743. What are the prime factors of s?
2, 47
Suppose 0 = m - 15*j + 19*j - 1154, 2*m - 4*j = 2308. Suppose m = 2*i - 4*y, -3 = -2*i - 5*y + 1106. List the prime factors of i.
3, 7
Let j(k) = 181*k**2 - 73*k + 960. What are the prime factors of j(11)?
2, 41, 269
Let a be 2/(-2) + (-16)/((-256)/(-432)). Let j = a - -545. What are the prime factors of j?
11, 47
Suppose -2*h = -9*h + 29*h - 383812. What are the prime factors of h?
2, 11, 13, 61
List the prime factors of 210 + -197 + 26192/2.
13109
Let p be 3/(165/10) - (-37184)/(-22). Let d = -759 - p. What are the prime factors of d?
7, 19
Let w = -87 + 91. Suppose w = -3*h + 10. Suppose -h*b - 173 = -f, 3*b + 121 = f - 48. List the prime factors of f.
181
Let n(w) = 3*w - 31. Let j be n(11). Suppose -10 = -j*l - q - 3*q, -l = q - 4. Suppose 4*o + b - 3*b = 460, 5*o - l*b - 576 = 0. List the prime factors of o.
2, 3, 19
Suppose 22*i = 19*i + 9. Suppose -2*p + 50 = i*p. List the prime factors of p.
2, 5
Let b(t) = -314*t + 1480. List the prime factors of b(-34).
2, 3, 1013
Let j(v) = -6*v + 4*v - 11 - 22 - 3*v. Let o be (-2)/(-12) + 635/(-30). What are the prime factors of j(o)?
2, 3
Let z(v) = -6*v**3 - 5*v**2 - 41*v - 221. What are the prime factors of z(-8)?
3, 953
Suppose -1419 = 4*a - 10811. Let r = a - 1188. What are the prime factors of r?
2, 5, 29
Suppose -10*c + 648 = -8372. Suppose -3*m - 2*r = -1207, 0 = -4*m - 2*r + c + 708. List the prime factors of m.
13, 31
Suppose 5*f - 72 = 93. Suppose -f*c = 2*c - 51030. List the prime factors of c.
2, 3
Suppose 5*z - 345 = 5*f, -4*f + 1 - 5 = 0. Let p = z - -82. List the prime factors of p.
2, 3, 5
Let x(f) = -7*f**3 + f**2 - 16*f + 16. Let s(p) = -13*p**3 + p**2 - 33*p + 33. Let c(y) = 3*s(y) - 7*x(y). List the prime factors of c(4).
3, 5, 41
Suppose -j = -2*f - 574, f + 7*j - 2*j + 309 = 0. What are the prime factors of (f/(-68))/((-2)/(-136))?
17
Let a be (-80)/(-12)*(-3 - 63/(-15)). What are the prime factors of -2*37*(-12)/a?
3, 37
Let h = 52415 + -40952. List the prime factors of h.
3, 3821
Suppose -3*n + 8*n - 105 = 0. Let h = -17 + n. Suppose h*y - 40 = 4. List the prime factors of y.
11
Suppose -869 = -8*o + 3995. Let g = o - 311. What are the prime factors of g?
3, 11
Let x(h) be the third derivative of -h**5/60 + 19*h**4/8 - 41*h**3/6 + 4*h**2 - 5*h. What are the prime factors of x(24)?
751
Let g(h) = 2*h**3 + 30*h**2 - 2*h - 26. Let z be g(-15). Suppose 6*b - 3349 = -5*c + z*b, b + 674 = c. List the prime factors of c.
11, 61
Let a = 20 - 17. Suppose -a*s = 3*c - 42, -6*s + 4*c + 7 = -3*s. List the prime factors of s.
3
Let m = 21907 - 5232. What are the prime factors of m?
5, 23, 29
Let v(c) = 87*c + 64. Let q = 178 - 173. List the prime factors of v(q).
499
Suppose 0 = -u - 2*u + 18. Let a be 1/(-10) + (-1 + -21)*47323/740. What are the prime factors of (-1)/(-2) - a/u?
5, 47
Suppose -30240 = 591*k - 595*k. Suppose 40*n + k = 47*n. List the prime factors of n.
2, 3, 5
Suppose -3*a + 9*a + 24 = 0. Let m be 0 + a - (-10)/2. Let z(p) = 224*p**2 + 4*p - 3. List the prime factors of z(m).
3, 5
Suppose 36176 - 27626 = 6*v - 49812. List the prime factors of v.
71, 137
Let w(x) = 86*x**3 + 27*x**2 + 25*x - 126. What are the prime factors of w(7)?
2, 3, 5, 7
Let c(u) = 2 + 795*u - 22 - 17 - 789*u. Let a be c(7). Let d(n) = -n**3 + 10*n**2 + 8*n - 22. List the prime factors of d(a).
11, 13
Suppose 0 = -4*c + 5*w + 6271, 0 = -2*c + 3*c - 5*w - 1549. Suppose c = 3*f - 2*v, -v = 5*f - 706 - 1913. List the prime factors of f.
2, 131
What are the prime factors of ((0 - 10) + -77 + 11885)/((-2)/(-2))?
2, 17, 347
Let p be ((-2)/(-6))/((-5)/(-360)). List the prime factors of (6/p)/((-2)/(-856)).
107
Let y(o) = 3*o**3 - 16*o**2 + 117*o - 438. What are the prime factors of y(27)?
2, 3, 7, 1193
Let j(t) = -2*t + 24. Let u be j(7). Let m be -1*(-1 + 1)*(-5)/u. List the prime factors of -8 - -11 - m/(-1).
3
Let m(f) = 8963*f**2 - 28*f + 15. What are the